{"id":524,"date":"2018-06-02T16:02:52","date_gmt":"2018-06-02T14:02:52","guid":{"rendered":"http:\/\/www.antitecture.org\/stangl\/?page_id=524"},"modified":"2021-07-15T17:49:08","modified_gmt":"2021-07-15T15:49:08","slug":"wer","status":"publish","type":"page","link":"https:\/\/www.antitecture.org\/stangl\/?page_id=524","title":{"rendered":"LORE STANGL"},"content":{"rendered":"<p><a href=\"http:\/\/www.antitecture.org\/stangl\/wp-content\/uploads\/2021\/03\/P1050713.jpg\" data-rel=\"lightbox-image-0\" data-rl_title=\"\" data-rl_caption=\"\" title=\"\"><img loading=\"lazy\" decoding=\"async\" class=\"alignnone size-medium wp-image-657\" src=\"http:\/\/www.antitecture.org\/stangl\/wp-content\/uploads\/2021\/03\/P1050713-225x300.jpg\" alt=\"\" width=\"225\" height=\"300\" srcset=\"https:\/\/www.antitecture.org\/stangl\/wp-content\/uploads\/2021\/03\/P1050713-225x300.jpg 225w, https:\/\/www.antitecture.org\/stangl\/wp-content\/uploads\/2021\/03\/P1050713-768x1023.jpg 768w, https:\/\/www.antitecture.org\/stangl\/wp-content\/uploads\/2021\/03\/P1050713-769x1024.jpg 769w, https:\/\/www.antitecture.org\/stangl\/wp-content\/uploads\/2021\/03\/P1050713-320x426.jpg 320w, https:\/\/www.antitecture.org\/stangl\/wp-content\/uploads\/2021\/03\/P1050713.jpg 1522w\" sizes=\"(max-width: 225px) 100vw, 225px\" \/><\/a><\/p>\n<hr \/>\n<p>2017\/20 Masterstudium Architektur und Stadtplanung, Abschlussarbeit betreut durch Univ.-Prof. Dr. phil. Stephan Tr\u00fcby am Institut f\u00fcr Grundlagen moderner Architektur und Entwerfen an der Universit\u00e4t Stuttgart, Fakult\u00e4t f\u00fcr Architektur und Stadtplanung<\/p>\n<hr \/>\n<p>2014\/17 Bachelorstudium Architektur an der Akademie der Bildenden K\u00fcnste Stuttgart<\/p>\n<hr \/>\n<p>2012\/14 Bachelorstudium Architektur an der Technischen Universit\u00e4t Graz<\/p>\n<hr \/>\n<p>2019\/20 studentische wissenschaftliche Mitarbeiterin am Institut f\u00fcr St\u00e4dtebau Lehrstuhl Grundlagen der Orts- und Regionalplanung (Theorien und Methoden der Stadtplanung), Prof. i.V. Daniel Sch\u00f6nle<\/p>\n<p>2017\/19 studentische wissenschaftliche Mitarbeiterin am Institut f\u00fcr Nachhaltigkeit, Baukonstruktion und Entwerfen der Universit\u00e4t Stuttgart (IBK3), Prof. Jens Ludloff<\/p>\n<p>2017\/18 Lehrbeauftragte f\u00fcr Bautechnische Grundlagen, IBK3, Universit\u00e4t Stuttgart<\/p>\n<p>2016 Projektmitarbeiterin in der Architektur- Arbeitsgemeinschaft \u201eRaumgenossen\u201c<\/p>\n<p>2016 studentische Mitarbeiterin an der Akademie der Bildenden K\u00fcnste<\/p>\n","protected":false},"excerpt":{"rendered":"<p>2017\/20 Masterstudium Architektur und Stadtplanung, Abschlussarbeit betreut durch Univ.-Prof. Dr. phil. Stephan Tr\u00fcby am Institut f\u00fcr Grundlagen moderner Architektur und Entwerfen an der Universit\u00e4t Stuttgart, Fakult\u00e4t f\u00fcr Architektur und Stadtplanung 2014\/17 Bachelorstudium Architektur an der Akademie der Bildenden K\u00fcnste Stuttgart 2012\/14 Bachelorstudium Architektur an der Technischen Universit\u00e4t Graz 2019\/20 studentische wissenschaftliche Mitarbeiterin am Institut f\u00fcr&#8230;<\/p>\n<p><a class=\"more\" href=\"https:\/\/www.antitecture.org\/stangl\/?page_id=524\"> Read more &rarr;<\/a><\/p>\n","protected":false},"author":1,"featured_media":0,"parent":0,"menu_order":0,"comment_status":"closed","ping_status":"closed","template":"","meta":{"footnotes":""},"_links":{"self":[{"href":"https:\/\/www.antitecture.org\/stangl\/index.php?rest_route=\/wp\/v2\/pages\/524"}],"collection":[{"href":"https:\/\/www.antitecture.org\/stangl\/index.php?rest_route=\/wp\/v2\/pages"}],"about":[{"href":"https:\/\/www.antitecture.org\/stangl\/index.php?rest_route=\/wp\/v2\/types\/page"}],"author":[{"embeddable":true,"href":"https:\/\/www.antitecture.org\/stangl\/index.php?rest_route=\/wp\/v2\/users\/1"}],"replies":[{"embeddable":true,"href":"https:\/\/www.antitecture.org\/stangl\/index.php?rest_route=%2Fwp%2Fv2%2Fcomments&post=524"}],"version-history":[{"count":10,"href":"https:\/\/www.antitecture.org\/stangl\/index.php?rest_route=\/wp\/v2\/pages\/524\/revisions"}],"predecessor-version":[{"id":713,"href":"https:\/\/www.antitecture.org\/stangl\/index.php?rest_route=\/wp\/v2\/pages\/524\/revisions\/713"}],"wp:attachment":[{"href":"https:\/\/www.antitecture.org\/stangl\/index.php?rest_route=%2Fwp%2Fv2%2Fmedia&parent=524"}],"curies":[{"name":"wp","href":"https:\/\/api.w.org\/{rel}","templated":true}]}}